{"id":15493,"date":"2021-11-15T12:26:33","date_gmt":"2021-11-15T11:26:33","guid":{"rendered":"https:\/\/2022.swisschamberconcerts.ch\/?page_id=15493"},"modified":"2021-11-15T12:26:33","modified_gmt":"2021-11-15T11:26:33","slug":"dayer-chamber-music","status":"publish","type":"page","link":"https:\/\/swisschamberconcerts.ch\/de\/dayer-chamber-music\/","title":{"rendered":"DAYER \u2013 Chamber music"},"content":{"rendered":"<div class=\"wpb-content-wrapper\"><p>[vc_row][vc_column width=&#8220;2\/3&#8243;][vc_column_text]<img loading=\"lazy\" decoding=\"async\" class=\"alignright wp-image-9222 size-medium\" src=\"https:\/\/2022.swisschamberconcerts.ch\/wp-content\/uploads\/2021\/11\/Xaver-Dayer.png\" alt=\"schumann\" width=\"285\" height=\"300\" \/><\/p>\n<ul>\n<li><strong>Label :<\/strong> Claves Records<\/li>\n<li><strong>Date :<\/strong> 2020<\/li>\n<li><strong>Dur\u00e9e :<\/strong> 55min 17sec<\/li>\n<\/ul>\n<h3><strong>Swiss Chamber Soloists<\/strong><\/h3>\n<ul>\n<li>Heinz Holliger, <i>Hautbois<\/i><\/li>\n<li>Felix Renggli, <i>Fl\u00fbte<\/i><\/li>\n<li>Irene Abrigo, <i>Violon<\/i><\/li>\n<li>Daria Zappa, <i>Violon<\/i><\/li>\n<li>J\u00fcrg D\u00e4hler, <i>Alto<\/i><\/li>\n<li>Daniel Haefliger, <i>Violoncelle<\/i><\/li>\n<\/ul>\n<h3><strong>Contenu compos\u00e9 par Xavier Dayer (*1972)<\/strong><\/h3>\n<ul>\n<li><strong>Solus cum Solo <\/strong>(2009) pour violoncelle solo<br \/>\n<strong>Interpr\u00e8te : <\/strong>Daniel Haefliger (<i>Violoncelle<\/i>).<\/li>\n<li><strong>Come heavy sleep<\/strong> (2016) pour fl\u00fbte, alto et violoncelle<br \/>\n<strong>Interpr\u00e8tes :<\/strong> Felix Renggli (<i>Fl\u00fbte<\/i>), J\u00fcrg D\u00e4hler (<i>Alto<\/i>), Daniel Haefliger (<i>Violoncelle<\/i>).<\/li>\n<li><strong>De Umbris (II)<\/strong> (2018) pour fl\u00fbte et trio \u00e0 cordes<br \/>\n<strong>Interpr\u00e8tes :<\/strong> Felix Renggli (<i>Fl\u00fbte<\/i>), Irene Abrigo (<i>Violon<\/i>), J\u00fcrg D\u00e4hler (<i>Alto<\/i>), Daniel Haefliger (<i>Violoncelle<\/i>).<\/li>\n<li><strong>M\u00e9moires, cercles<\/strong> (2011) pour hautbois et trio \u00e0 cordes<br \/>\n<strong>Interpr\u00e8tes :<\/strong> Heinz Holliger (<i>Hautbois<\/i>), Daria Zappa (<i>Violon<\/i>), J\u00fcrg D\u00e4hler (<i>Alto<\/i>), Daniel Haefliger (<i>Violoncelle<\/i>).<\/li>\n<li><strong>Nocturne<\/strong> (2014) pour hautbois, fl\u00fbte et trio \u00e0 cordes<br \/>\n<strong>Interpr\u00e8tes :<\/strong> Heinz Holliger (<i>Hautbois<\/i>), Felix Renggli (<i>Fl\u00fbte<\/i>), Daria Zappa (<i>Violon<\/i>), J\u00fcrg D\u00e4hler (<i>Alto<\/i>), Daniel Haefliger (<i>Violoncelle<\/i>).<\/li>\n<\/ul>\n<hr \/>\n<p>[\/vc_column_text][\/vc_column][vc_column width=&#8220;1\/3&#8243;][vc_wp_custommenu title=&#8220;Swiss Chamber Soloists CD&#8220; nav_menu=&#8220;175&#8243;][\/vc_column][\/vc_row]<\/p>\n<\/div>","protected":false},"excerpt":{"rendered":"<p>[vc_row][vc_column width=&#8220;2\/3&#8243;][vc_column_text] Label : Claves Records Date : 2020 Dur\u00e9e : 55min 17sec Swiss Chamber Soloists Heinz Holliger, Hautbois Felix Renggli, Fl\u00fbte Irene Abrigo, Violon Daria Zappa, Violon J\u00fcrg D\u00e4hler, Alto Daniel Haefliger, Violoncelle Contenu compos\u00e9 par Xavier Dayer (*1972) Solus cum Solo (2009) pour violoncelle solo Interpr\u00e8te : Daniel Haefliger (Violoncelle). Come heavy sleep [&hellip;]<\/p>\n","protected":false},"author":1,"featured_media":0,"parent":0,"menu_order":0,"comment_status":"closed","ping_status":"closed","template":"","meta":{"_monsterinsights_skip_tracking":false,"_monsterinsights_sitenote_active":false,"_monsterinsights_sitenote_note":"","_monsterinsights_sitenote_category":0,"footnotes":""},"class_list":["post-15493","page","type-page","status-publish","hentry"],"_links":{"self":[{"href":"https:\/\/swisschamberconcerts.ch\/de\/wp-json\/wp\/v2\/pages\/15493","targetHints":{"allow":["GET"]}}],"collection":[{"href":"https:\/\/swisschamberconcerts.ch\/de\/wp-json\/wp\/v2\/pages"}],"about":[{"href":"https:\/\/swisschamberconcerts.ch\/de\/wp-json\/wp\/v2\/types\/page"}],"author":[{"embeddable":true,"href":"https:\/\/swisschamberconcerts.ch\/de\/wp-json\/wp\/v2\/users\/1"}],"replies":[{"embeddable":true,"href":"https:\/\/swisschamberconcerts.ch\/de\/wp-json\/wp\/v2\/comments?post=15493"}],"version-history":[{"count":1,"href":"https:\/\/swisschamberconcerts.ch\/de\/wp-json\/wp\/v2\/pages\/15493\/revisions"}],"predecessor-version":[{"id":15499,"href":"https:\/\/swisschamberconcerts.ch\/de\/wp-json\/wp\/v2\/pages\/15493\/revisions\/15499"}],"wp:attachment":[{"href":"https:\/\/swisschamberconcerts.ch\/de\/wp-json\/wp\/v2\/media?parent=15493"}],"curies":[{"name":"wp","href":"https:\/\/api.w.org\/{rel}","templated":true}]}}

<div class="wpb-content-wrapper"><p>[vc_row][vc_column width=&#8220;2/3&#8243;][vc_column_text]<img loading="lazy" decoding="async" class="alignright wp-image-9222 size-medium" src="https://2022.swisschamberconcerts.ch/wp-content/uploads/2021/11/Xaver-Dayer.png" alt="schumann" width="285" height="300" /></p>
<ul>
<li><strong>Label :</strong> Claves Records</li>
<li><strong>Date :</strong> 2020</li>
<li><strong>Durée :</strong> 55min 17sec</li>
</ul>
<h3><strong>Swiss Chamber Soloists</strong></h3>
<ul>
<li>Heinz Holliger, <i>Hautbois</i></li>
<li>Felix Renggli, <i>Flûte</i></li>
<li>Irene Abrigo, <i>Violon</i></li>
<li>Daria Zappa, <i>Violon</i></li>
<li>Jürg Dähler, <i>Alto</i></li>
<li>Daniel Haefliger, <i>Violoncelle</i></li>
</ul>
<h3><strong>Contenu composé par Xavier Dayer (*1972)</strong></h3>
<ul>
<li><strong>Solus cum Solo </strong>(2009) pour violoncelle solo<br />
<strong>Interprète : </strong>Daniel Haefliger (<i>Violoncelle</i>).</li>
<li><strong>Come heavy sleep</strong> (2016) pour flûte, alto et violoncelle<br />
<strong>Interprètes :</strong> Felix Renggli (<i>Flûte</i>), Jürg Dähler (<i>Alto</i>), Daniel Haefliger (<i>Violoncelle</i>).</li>
<li><strong>De Umbris (II)</strong> (2018) pour flûte et trio à cordes<br />
<strong>Interprètes :</strong> Felix Renggli (<i>Flûte</i>), Irene Abrigo (<i>Violon</i>), Jürg Dähler (<i>Alto</i>), Daniel Haefliger (<i>Violoncelle</i>).</li>
<li><strong>Mémoires, cercles</strong> (2011) pour hautbois et trio à cordes<br />
<strong>Interprètes :</strong> Heinz Holliger (<i>Hautbois</i>), Daria Zappa (<i>Violon</i>), Jürg Dähler (<i>Alto</i>), Daniel Haefliger (<i>Violoncelle</i>).</li>
<li><strong>Nocturne</strong> (2014) pour hautbois, flûte et trio à cordes<br />
<strong>Interprètes :</strong> Heinz Holliger (<i>Hautbois</i>), Felix Renggli (<i>Flûte</i>), Daria Zappa (<i>Violon</i>), Jürg Dähler (<i>Alto</i>), Daniel Haefliger (<i>Violoncelle</i>).</li>
</ul>
<hr />
<p>[/vc_column_text][/vc_column][vc_column width=&#8220;1/3&#8243;][vc_wp_custommenu title=&#8220;Swiss Chamber Soloists CD&#8220; nav_menu=&#8220;175&#8243;][/vc_column][/vc_row]</p>
</div>

<p>[vc_row][vc_column width=&#8220;2/3&#8243;][vc_column_text] Label : Claves Records Date : 2020 Durée : 55min 17sec Swiss Chamber Soloists Heinz Holliger, Hautbois Felix Renggli, Flûte Irene Abrigo, Violon Daria Zappa, Violon Jürg Dähler, Alto Daniel Haefliger, Violoncelle Contenu composé par Xavier Dayer (*1972) Solus cum Solo (2009) pour violoncelle solo Interprète : Daniel Haefliger (Violoncelle). Come heavy sleep [&hellip;]</p>
